actor of z and 105?
21
Suppose 0 = 11*g - 8*g - 33. Let o(h) = h**2 + 3*h + 4. Let w be o(-6). Let i be (-7)/(2/w*-1). What is the highest common divisor of i and g?
11
Let a be (-3)/6 - 693/(-6). Suppose 125 + a = 2*c. Suppose 4*n - c = n. Calculate the highest common factor of n and 4.
4
Let d = -88 - -214. Calculate the highest common factor of 14 and d.
14
Let a(c) be the second derivative of c**4/12 + 2*c**3/3 + 5*c**2/2 - 3*c. Let s be a(-5). Let p = -105 - -185. What is the highest common factor of p and s?
10
Let b = 5 - 7. Let x be 13*b*(-1)/(-2). Let d = x - -33. What is the highest common divisor of d and 10?
10
Let l be (1 - 2)*96/(-2). Suppose -4*b + 20 = -l. Calculate the greatest common divisor of 17 and b.
17
Let w = -1 - 5. Let o be w/(-10) - 124/(-10). Calculate the greatest common factor of 65 and o.
13
Let p(o) = -17*o**3 + o**2 + 4*o + 2. Let t be p(-1). What is the greatest common factor of t and 304?
16
Suppose 4*f - 41 = 55. What is the highest common divisor of f and 24?
24
Let r be 1*(-88)/4*-2. Suppose 0 = 4*o - 0*o - r. Suppose 41 = 4*l - 3. Calculate the highest common divisor of l and o.
11
Let j = 29 + -17. Suppose 4*f + 48 = 8*f. Let i be ((-64)/f)/((-2)/3). Calculate the highest common factor of i and j.
4
Let b(g) = g - 3. Let h be b(5). Let s be 0 - 4*4/(-4). Suppose -t = h*t, -s*t = u - 45. Calculate the highest common factor of 5 and u.
5
Suppose 3*z - 17 - 4 = 0. Suppose z = 2*h - 5. What is the highest common factor of 3 and h?
3
Suppose 0 = -4*c + 5 + 3. Let z(f) = f**2 + 8*f + 10. Let b be z(-7). What is the highest common divisor of c and b?
1
Let v(g) = g**3 - 5*g**2 + 4*g + 2. Let n be v(4). Suppose d = n*p - 31, -19 - 9 = -p - 2*d. What is the highest common divisor of 18 and p?
18
Let c(q) = 10*q - 14. Let l be c(3). Calculate the highest common factor of l and 8.
8
Let o(r) = 58*r - 56*r + 2 + 2*r**3 - 3*r**3 - r**2. Let m be o(-2). What is the greatest common factor of 6 and m?
2
Let l(j) = 11*j**2 - 2*j + 1. Let o be l(1). What is the greatest common divisor of 160 and o?
10
Let q be (4 - 2)*(1 - 0). Suppose -12 = -q*h + 28. Suppose -h = -l + 1. Calculate the highest common factor of 231 and l.
21
Let g be (4*-1)/(2/3). Let z = 0 - g. Let h = 11 - z. Calculate the greatest common divisor of 5 and h.
5
Let y = 112 - 96. Calculate the highest common factor of y and 208.
16
Suppose -2*k = -27 - 5. Suppose -4*l + 6*o + 49 = o, 3*o = l - 7. Calculate the greatest common divisor of k and l.
16
Let o = 4 - 3. Let m = 10 + -16. Let g be (m/(-10))/((-4)/(-60)). Calculate the greatest common factor of o and g.
1
Let q(i) = -13*i - 2. Let w be q(-4). Suppose -3*v - 12 = 2*j, 3*j - 1 = -2*v - 9. Let r be v/(-2) - 8/(-1). Calculate the highest common factor of w and r.
10
Suppose -3*u + 0 = -15. Suppose 2*k + u*b = -0*k + 89, -2*b = -10. What is the greatest common divisor of 48 and k?
16
Suppose 2 = -5*d + 177. Let k be (9 - 4/2)*-1. Let f be (1 + -2)*2*k. What is the highest common factor of f and d?
7
Suppose 3*f + 5*p - 685 = 0, 2*p - 3 - 1 = 0. Calculate the greatest common factor of 25 and f.
25
Suppose -2*g - 5*h = 29, 0 = 5*h + 7 - 2. Let m be (-24)/(-36) - (-82)/3. Let x = m + g. Calculate the highest common factor of 48 and x.
16
Suppose -3*p + z = -4*z - 28, -3*p + 30 = -3*z. What is the greatest common factor of p and 99?
11
Suppose -4*j + 20 - 4 = 0. Suppose v + 21 = j*s, v - 4 = 5*s - 30. Let y be 9 + v*6/3. What is the highest common factor of y and 77?
7
Let c be 1/4 - (-55)/20. Let k be -1*14*c/(-3). Calculate the greatest common factor of k and 14.
14
Let a(j) = -j**2 + 9*j - 5. Let i be a(9). Let p be (3/i)/(5/(-425)). Calculate the greatest common divisor of p and 17.
17
Suppose -28 = -5*j - 0*x - 3*x, -4*j = -x - 36. What is the highest common divisor of 16 and j?
8
Suppose -76 = j - 83. What is the highest common divisor of j and 28?
7
Let q(n) = -18*n**3 - 2*n**2 - n. Let g be q(-1). What is the highest common divisor of 17 and g?
17
Let b be (-4)/(-10) + (-288)/(-80). Calculate the highest common factor of 12 and b.
4
Let b = 8 + -5. Suppose -z - b*z - 4 = 0, z = 3*q - 7. What is the highest common factor of 1 and q?
1
Let a(s) = s**2 + 16*s - 34. Let x be a(-18). Calculate the highest common factor of 22 and x.
2
Suppose -v + p + 11 = 3*v, -3*p = v + 7. What is the highest common divisor of 6 and v?
2
Let p(s) = 23*s - 17. Let b be p(9). Let g = b - -85. What is the highest common divisor of 25 and g?
25
Let n(r) = 6*r - 4. Let b be n(2). Calculate the greatest common factor of 40 and b.
8
Let t = -11 - -11. Suppose 5*p + 5*v - 110 = t, 14 = p + 4*v - v. Calculate the greatest common divisor of p and 65.
13
Let u(o) = 6*o. Let j be u(6). Let x = 26 + -8. What is the greatest common divisor of j and x?
18
Let v(l) = l**2 + 4*l + 4. Let p be v(-3). Suppose 4*x + 21 = c, p = -2*x - 9. Let s = 9 + c. What is the highest common divisor of 90 and s?
10
Let t(a) = a**3 - 4*a**2 + 3*a + 4. Let z be t(3). What is the greatest common divisor of z and 6?
2
Let y be (-4)/((20/44)/(-5)). What is the greatest common divisor of 4 and y?
4
Suppose 2*u + 6*m - 88 = m, 3*m = -5*u + 201. Let n = 60 - u. Calculate the greatest common divisor of n and 3.
3
Let n(g) = 51*g - 1. Let r be n(1). Calculate the greatest common factor of r and 125.
25
Let h be (-1 - -4)/(5 + -4). Suppose 6*k = h*k + 3. Let g be 39 - (4 - k - 0). Calculate the highest common factor of g and 18.
18
Suppose 43 + 373 = 4*l. Suppose 4 + 36 = -5*s - 3*j, 2*s + 2*j = -16. Let n = s - -21. What is the highest common divisor of l and n?
13
Let b = -36 + 116. Let h(j) = 8*j**2 + 2*j + 4. Let f be h(-2). Calculate the greatest common factor of f and b.
16
Let o be 1/((-1)/(-20)) + 0. Let l be 12/18 - (-7)/3. Suppose -2*n = 2*t - 3 - 1, -t - l*n - 4 = 0. Calculate the highest common factor of o and t.
5
Let t(y) = -2*y**3 - 4*y**2 - 3*y + 5. Let l be t(-4). Let i be (-2 - 14/(-4))*10. Let c = i - 6. Calculate the greatest common divisor of c and l.
9
Let k(l) = 3*l**2 - 6*l - 2. Let n be k(-4). Suppose -2*v + 78 = -5*s - n, -4*s + 352 = 4*v. Calculate the greatest common factor of v and 12.
12
Let q = 0 + 30. Suppose q = 4*x + w, -4*x + 19 = -w - 7. Let n = 18 + 38. Calculate the greatest common factor of n and x.
7
Suppose 0 = 115*j - 117*j + 288. Calculate the highest common factor of j and 96.
48
Suppose 7*g - 2*t = 4*g + 16, -48 = -5*g - 2*t. Let d be 3/(-2)*8/(-3). What is the highest common divisor of g and d?
4
Let k(j) = 3*j**2 + j. Let p be k(2). What is the greatest common divisor of 126 and p?
14
Let m = 183 - 167. Calculate the highest common factor of 80 and m.
16
Suppose -2*v - 14 = 6. Let p = v + 28. Let s be (-8)/10*(-270)/4. Calculate the highest common factor of s and p.
18
Let a = 28 + -26. Calculate the greatest common factor of 18 and a.
2
Let q(o) = 9*o - 20. Let y be q(12). What is the greatest common divisor of y and 220?
44
Suppose 0*z + 3*z + 5*i = 33, 0 = 5*i - 15. Let c(h) = -h + 13. Let w be c(z). Let a be 28*(2/(-2))/(-2). What is the highest common divisor of a and w?
7
Let d = -44 - -67. Calculate the highest common factor of 207 and d.
23
Let x(y) = y**2 + 10*y - 5. Let f be x(-11). Calculate the highest common factor of 42 and f.
6
Let j(o) = -2*o - 2*o**3 + 3 + 2*o**3 + o**3 + 3*o**2. Let y be j(-3). What is the highest common divisor of y and 3?
3
Suppose 0*o = 6*o - 180. Calculate the highest common factor of o and 75.
15
Suppose -3*m = -5*l - 680, -3*m + 438 = -2*l - 230. What is the greatest common divisor of m and 20?
20
Let t be (-58)/(-7) - (-8)/(-28). Suppose x + t = 2*x. What is the greatest common factor of 8 and x?
8
Let l(h) = -h + 2. Suppose 4*u - 17 = -5. Let j be l(u). Let a = j + 9. What is the greatest common factor of 88 and a?
8
Suppose -h - 5*o + 17 = 7, 5*h = -4*o + 29. Let u be (-9)/2*(-4)/3. Let b be 12/10*200/u. Calculate the highest common divisor of b and h.
5
Suppose 0 = -n + 4*n - 42. Let p be 10/35 - 4/n. Let m be (p + -9)/(12/(-16)). What is the highest common factor of m and 6?
6
Suppose 19*s - 1792 = 12*s. Calculate the greatest common factor of 16 and s.
16
Suppose 22 - 4 = k + 4*v, 4*v = 5*k - 90. What is the highest common divisor of 9 and k?
9
Let k(p) = 2*p. Let c